b95b86 (base 13) in base 8?
-65337044
What is -246090 (base 10) in base 13?
-88020
What is -118199 (base 14) in base 4?
-2102013323
a297a (base 12) to base 8
636356
Convert a26723 (base 12) to base 3.
11210002212100
Convert -180883 (base 9) to base 13.
-3c135
What is -51a89 (base 11) in base 9?
-125030
What is -42e3a (base 16) in base 3?
-111220211100
Convert 10101011000010010011 (base 2) to base 14.
143443
Convert -10311311 (base 4) to base 8.
-46565
Convert 4898573 (base 10) to base 7.
56431361
-221040 (base 5) to base 13
-3631
Convert -22204500 (base 6) to base 9.
-1230680
What is -959d58 (base 14) in base 11?
-2946575
Convert 2144a32 (base 12) to base 16.
6050c6
What is -111210413 (base 5) in base 7?
-4114350
-36912 (base 12) to base 11
-5056a
377594 (base 16) to base 14
6a87ac
b7836 (base 14) to base 6
13300440
6224146 (base 7) to base 11
46a339
What is -621746 (base 8) in base 16?
-323e6
Convert -22521514 (base 6) to base 4.
-2221230112
-3103545 (base 6) to base 13
-5283b
1000012102 (base 3) to base 6
231445
What is 167a964 (base 14) in base 16?
a8ae5c
Convert -221202210221 (base 3) to base 13.
-149b60
What is -124363440 (base 7) in base 10?
-7948563
121001221222 (base 3) to base 6
10440342
102104202 (base 5) to base 3
210121202012
889064 (base 11) to base 13
3a8310
-205147 (base 13) to base 9
-1368014
What is -9c39c7 (base 13) in base 2?
-1110000101100001100100
-346886 (base 10) to base 9
-577748
Convert -8188b6 (base 13) to base 6.
-144404050
Convert 115542032 (base 6) to base 2.
1000100010001110100100
Convert 10122121010 (base 3) to base 15.
1646c
What is 2262a2 (base 11) in base 15?
718b9
Convert 43b55 (base 14) to base 6.
3303503
Convert 134 (base 12) to base 6.
504
47b39 (base 15) to base 10
228654
What is 1220111010 (base 3) in base 9?
56433
Convert -5c583 (base 14) to base 13.
-7bbb7
-91323 (base 10) to base 11
-62681
What is 41f46 (base 16) in base 4?
1001331012
636463 (base 8) to base 15
42d6a
What is -1184134 (base 9) in base 16?
-9db76
What is 4660 (base 14) in base 4?
2333030
5535254 (base 7) to base 8
2462567
-176962 (base 10) to base 6
-3443134
Convert 132432160 (base 7) to base 14.
11c65a0
Convert -444441 (base 9) to base 5.
-32000332
Convert 310302313 (base 4) to base 6.
4345051
-2635543 (base 8) to base 16
-b3b63
What is -14283c (base 15) in base 7?
-11151252
What is -2257680 (base 10) in base 7?
-25122105
What is 1288b (base 13) in base 16?
8676
53434054 (base 6) to base 11
9867a8
-39bc13 (base 13) to base 4
-11111012103
What is -b14c8 (base 16) in base 13?
-1c571a
272b21 (base 12) to base 13
198b80
What is -92889 (base 10) in base 15?
-1c7c9
5e6db2 (base 15) to base 13
c27581
What is 3418d (base 14) in base 3?
20102120212
Convert 216781 (base 10) to base 12.
a5551
Convert 7c3b6 (base 16) to base 5.
112240404
What is 3362 (base 16) in base 7?
53231
1234742 (base 8) to base 15
6b733
Convert -122121121000 (base 3) to base 12.
-148783
Convert 425065 (base 8) to base 15.
2c087
What is 26783 (base 10) in base 8?
64237
Convert -1010222101201 (base 3) to base 13.
-1846b7
Convert 108767e (base 15) to base 10.
11820719
Convert 263c14 (base 13) to base 10.
922588
Convert 100001001110011001101 (base 2) to base 13.
2c1716
Convert -331201331200 (base 4) to base 6.
-1333415224
-868255 (base 9) to base 11
-32403a
What is -65614 (base 13) in base 16?
-2cc56
324135 (base 6) to base 4
12203123
-200222001222202 (base 3) to base 6
-1000010415
What is 1010011001101001101110 (base 2) in base 5?
1144222020
Convert -1212100010122 (base 3) to base 5.
-223201214
6da424 (base 15) to base 3
100212200100121
What is d6a17c (base 14) in base 3?
111122100001211
-5061 (base 14) to base 16
-35ed
What is -152b35a (base 12) in base 16?
-417a36
Convert -11112335 (base 6) to base 10.
-336227
Convert -21b54 (base 14) to base 7.
-460334
110011111111001101011 (base 2) to base 11
a63985
-100011011001000010000011 (base 2) to base 14
-1337079
What is 17480082 (base 9) in base 10?
8791814
5796656 (base 10) to base 7
100161605
14888855 (base 9) to base 3
111222222221212
What is -12020044142 (base 5) in base 16?
-d30c04
What is -123800 (base 16) in base 3?
-2020122211122
Convert -7e9475 (base 16) to base 14.
-115d229
What is -1100010101101000 (base 2) in base 3?
-2120022201
What is 124584 (base 12) in base 14?
7a884
-2784118 (base 11) to base 16
-4922ef
4346e (base 16) to base 7
2225254
Convert a455b (base 14) to base 6.
12254125
What is -2214220404 (base 5) in base 12?
-1752555
What is 83b0ab (base 15) in base 14?
b90c01
-5744a4 (base 14) to base 4
-23111011100
What is -122706 (base 9) in base 12?
-36b36
Convert 6205032 (base 7) to base 12.
2b8b66
Convert 11100010011001001 (base 2) to base 8.
342311
What is 11613202 (base 7) in base 6?
34224324
What is 5114577 (base 9) in base 2?
1010011001100100111110
434303 (base 8) to base 3
21101201201
What is 34474644 (base 8) in base 9?
15104126
What is 111010101111111101 (base 2) in base 12?
b7311
-12a268 (base 14) to base 3
-1012122110021
Convert -2785333 (base 12) to base 11.
-44a8a69
What is 264726 (base 10) in base 15?
53686
101100110000100 (base 2) to base 9
34382
Convert -33c7a4 (base 13) to base 12.
-4b2263
Convert -19d2 (base 14) to base 3.
-20102210
Convert -55142 (base 6) to base 2.
-1110111000110
What is -11982e (base 15) in base 12?
-34748b
What is -13939 (base 16) in base 10?
-80185
-24cc1c (base 13) to base 5
-211311442
Convert 16b668 (base 12) to base 11.
249465
Convert 10010200201001 (base 3) to base 13.
4649c5
222311301133 (base 4) to base 14
16c4967
What is -10022112221 (base 3) in base 9?
-108487
169b37 (base 12) to base 6
12211311
What is 2014132 (base 6) in base 15?
1d488
Convert -320a161 (base 12) to base 8.
-44106131
121887 (base 11) to base 6
4044131
What is -11241315 (base 6) in base 7?
-2645411
-d446 (base 16) to base 4
-31101012
Convert -12144150 (base 7) to base 4.
-10021103310
What is -1100101010001100011000 (base 2) in base 12?
-1140560
What is 1480c0c (base 13) in base 16?
63d4ad
Convert -4657151 (base 12) to base 7.
-223124566
What is 1a1268 (base 14) in base 16?
e1e1c
What is -406930 (base 12) in base 10?
-1007028
Convert -73778 (base 9) to base 2.
-1011111001110000
Convert 762027 (base 9) to base 10.
454192
Convert -15241 (base 12) to base 13.
-106a8
What is 93479 (base 10) in base 3?
11202020012
What is -110011100110111101 (base 2) in base 16?
-339bd
Convert -1510200 (base 6) to base 5.
-10240104
Convert -23cb00 (base 13) to base 16.
-d11ac
Convert 203311241 (base 5) to base 2.
11001100101010110001
Convert 1248335 (base 10) to base 8.
4606117
Convert 268492 (base 12) to base 3.
1012100020102
Convert 6aa950 (base 11) to base 15.
173e9a
Convert 203438 (base 11) to base 9.
547031
Convert 19c411 (base 13) to base 8.
2400044
-2077344 (base 9) to base 13
-3001b4
102253 (base 11) to base 7
1252113
1180083 (base 9) to base 8
2347755
What is 2454137 (base 8) in base 9?
1243014
Convert 35621 (base 15) to base 8.
514223
Convert -28b8 (base 14) to base 4.
-1300302
10100010110111101 (base 2) to base 12
40311
-16e64 (base 16) to base 12
-46344
1e943 (base 15) to base 14
28603
100001100110010011000101 (base 2) to base 12
2b49005
2f2dc3 (base 16) to base 13
843440
Convert 25d67 (base 16) to base 11.
a6494
What is -1130322332 (base 5) in base 11?
-1509250
6bc6a5 (base 13) to base 15
35b4b2
-402751 (base 14) to base 11
-1244565
-2ba23 (base 12) to base 6
-1154443
425045 (base 9) to base 2
111101110001001100
Convert 16724 (base 14) to base 7.
323044
Convert 25523 (base 10) to base 9.
38008
What is -45a7 (base 13) in base 7?
-40325
Convert 3323220312 (base 4) to base 3.
1221100212110
Convert 3401210 (base 5) to base 16.
e8a3
Convert 21222100101 (base 3) to base 11.
a7a47
What is -2320043 (base 8) in base 9?
-1161280
-1da10 (base 14) to base 11
-52168
Convert -1111010001 (base 4) to base 2.
-1010101000100000001
Convert 10445442 (base 6) to base 10.
317474
-100011000101111001110 (base 2) to base 12
-475552
What is 1010101312001 (base 4) in base 8?
104216601
What is 197023 (base 13) in base 10?
643750
What is 1525075 (base 8) in base 4?
1222220331
2241662 (base 7) to base 11
180846
Convert -2923262 (base 11) to base 14.
-94b99c
What is -1182a7 (base 12) in base 9?
-472271
-6f6a (base 16) to base 6
-340014
W